u*14 + 1. Give s(r).
3
Let r be 3 - 0*4/12. Let k(t) = -t**2. Give k(r).
-9
Let q(f) = 10*f + 1. Let u(l) be the second derivative of -l**5/20 + 5*l**4/12 + 2*l**3/3 + 11*l**2/2 + 4*l. Let s be u(6). Give q(s).
-9
Let l(m) = -m**3 - 3*m**2 - 2*m - 2. Let c(f) = -f**3 - 7*f**2 - 2. Let a be c(-7). What is l(a)?
-2
Let l(o) = -o - 3. Let d = 384 - 393. Give l(d).
6
Let d be (-4)/(-5)*(-20)/(-8). Suppose 3*z - 2*g = -0*z + 9, d*z = 2*g + 8. Let b(c) = 5*c - c + 2*c + z - 4*c. Calculate b(-3).
-5
Let h be 3*((-8)/6 - 1). Let j(g) = -2*g**3 + 2*g**3 - 2524*g**2 + 1262*g**2 - g**3 + 1255*g**2 - 2 - g. What is j(h)?
5
Let j(p) = -p - 39. Let y(v) = 3*v + 112. Let x(u) = -11*j(u) - 4*y(u). Determine x(-12).
-7
Let z(j) = j - 2. Let a be z(4). Let c(g) = -103*g - 5 - 110*g + g**a + 207*g. Give c(6).
-5
Let q(y) = -5*y**2 + 1. Let o(c) = c**2 + c - 1. Let t = -41 + 42. Let d(i) = t*q(i) + 4*o(i). Let b be 5 - 3 - (-2 - 1). Calculate d(b).
-8
Let b(z) = 8*z + 2. Let k(q) = -1. Let l(g) = -b(g) - 5*k(g). Calculate l(3).
-21
Let t(n) = 2*n**2 - 25*n + 12. Suppose 3*v - 21 = 3*i, -4*i - 2 - 2 = -2*v. Give t(v).
0
Let j(x) = x**3 + 4*x**2 + 5*x + 5. Let s = 971 + -975. Calculate j(s).
-15
Let p(d) be the second derivative of -d**3/2 + 3*d**2/2 - 8*d. Let q be (2 - 23)*(-1)/3. Let h be q/2*(-48)/(-28). What is p(h)?
-15
Let p be -5 + ((-8)/2 - -4). Let d(z) = 1. Let k(i) = -i. Let t(j) = d(j) + k(j). Let y(n) = 3*n - 12. Let s(x) = -5*t(x) - y(x). Calculate s(p).
-3
Let w(n) = -34*n + 32*n + 9*n**2 - 10*n**2 - 1. Suppose -5*u = 2*g - 1, 4*g - 7 = -3*u - 2*u. Suppose g = -2*a + a. What is w(a)?
-4
Let f(i) = i**3 + 18*i**2 + 45*i + 4. Let c be f(-15). Let w(y) = -y**2 + 6*y - 3. What is w(c)?
5
Let i(a) = a**2 - 8*a + 7. Let f(k) = 2*k**3 - 13*k**2 - 18*k - 4. Let m be f(8). Let z = m - 38. Give i(z).
-5
Let s(o) be the second derivative of -o**3/2 - 3*o**2/2 + 2*o. Suppose 4*v - 4*x + 16 = 0, -9*v = -10*v - x - 4. What is s(v)?
9
Let a(b) = -14*b - 6 - 9*b + 22*b. Let r(m) = m**3 + 13*m**2 + 11*m - 12. Let i be r(-12). Calculate a(i).
-6
Let n(w) = -2*w + 13. Let o(g) = -6*g - 162. Let s be o(-29). Determine n(s).
-11
Suppose -10 = -k - 2*x - 1, 0 = -3*k + x + 6. Let i(z) = -3799*z + 6 + z**2 + 3796*z - 3. Give i(k).
3
Let g(r) = -r**3 - 13*r**2 + 3. Let t be g(-13). Let a(z) = -5*z + 3*z + 154*z**t - 155*z**3 - 2. Give a(-2).
10
Suppose 213 = 2*f + 203. Let r(o) = o**2 + o - 1. Calculate r(f).
29
Suppose 0 = 181*u - 184*u - 12. Let a(x) = x**3 + x**2 - 7*x - 5. Calculate a(u).
-25
Let i(p) = -9*p**2 + 7*p - 7. Let k(d) = 2*d**2. Let t(o) = i(o) + 5*k(o). Suppose 2*v + v = -21. Calculate t(v).
-7
Let p(v) = -v. Suppose -2 - 1 = 3*x. Let q = -27 + 26. Let m = x + q. What is p(m)?
2
Let f(r) = -4 + 11 + r**2 - 13 + 31*r - 25*r. Suppose 2*k + 9 = -3. What is f(k)?
-6
Let c(b) be the first derivative of 27 + 4*b + 1/4*b**4 + 4*b**2 - 7/3*b**3. Let n be (-28)/(-5) + (-4)/(-10). What is c(n)?
16
Let m be -1*3 + -3 + 75. Let z(r) = -10*r - 66 + 11*r + m. Give z(-7).
-4
Let p(o) = -o - 4. Let c = 34 - 35. Let s be (c + 1)*(-2)/6. Determine p(s).
-4
Suppose -1 = 165*y - 164*y. Let o(f) = -10*f**2 - 4*f - 3. Let v be o(y). Let h(r) = -r**3 - 10*r**2 - 9*r + 1. Give h(v).
1
Let a(m) = m**2 + 8*m - 5. Let x = 82 + -84. Let k be 176/(-33)*(-3)/x. Give a(k).
-5
Let l(d) = 2*d - 3. Suppose -1 = -2*i + 5. Suppose -8 = 2*z, -13 = g - z + i*z. Determine l(g).
-13
Let f(a) be the second derivative of a**4/4 + 2*a**3/3 + 3*a**2/2 + 4*a + 1. Calculate f(-2).
7
Suppose -3*i = -6*i - 12, k + 3*i + 9 = 0. Suppose -u - 3*j = -10, 2*j - 7 = u + k. Let r(m) = m - m**2 + 3*m**2 - 4*m**2. Give r(u).
-10
Let g be (31/2)/(1/(-2)). Let t = -27 - g. Let s(p) = 0*p - 4*p - p**2 + 10 + t*p - p. What is s(0)?
10
Suppose -3*j = 2*j - 25. Let z(c) = 0 + j + 2*c + 0 - 1. What is z(-5)?
-6
Suppose -18 + 4 = 2*y. Let v(z) be the first derivative of z**2/2 + 4*z + 13. What is v(y)?
-3
Let g(j) = -j - 9. Let o(p) = -p - 5. Let h(x) = -2*g(x) + 3*o(x). What is h(-4)?
7
Let x(q) be the second derivative of -q**4/6 + 11*q**3/6 + 17*q**2/2 + 10*q. Determine x(7).
-4
Let x(h) = -573*h + 1718*h - 12*h**2 - 575*h - 6 - 575*h. Determine x(-2).
-44
Let j(t) be the second derivative of 0 + 2*t - 7/2*t**2 + 1/3*t**3. Calculate j(-5).
-17
Let c be 8/10 - 3/(-15). Let h(d) be the first derivative of d**2 + 54. What is h(c)?
2
Let c = -461 - -457. Let y(g) = -3*g + 2. What is y(c)?
14
Let u(s) = s**3 - 4*s**2 + 3*s - 5. Let k be 21/(-56) - (-2090)/(-16) - 1. Let v = 136 + k. What is u(v)?
7
Let m(k) = k**2 + k - 4. Let r = -30 - -34. Suppose 0 = -r*q - 0*z - z - 14, 4*q - z + 10 = 0. Give m(q).
2
Let l(w) be the first derivative of w**3/3 - 6*w**2 + 6*w + 1. Suppose 119*i = 1771 - 462. Determine l(i).
-5
Suppose -2*y + 3*b + 32 = 12, 0 = -y - 5*b - 16. Let q(s) = -3 + 3 + 0 - 1. Let u(h) = h**2 + h - 1. Let d(f) = y*q(f) - u(f). Calculate d(0).
-3
Let y(u) = u**3 + 69 - 2*u**2 - 2*u - 134 + 68. What is y(3)?
6
Let f(u) be the second derivative of 0 - 1/3*u**3 + 1/20*u**5 - 9*u + 9/2*u**2 - 1/2*u**4. What is f(6)?
-3
Let x(s) = 9*s - 101. Let h be (-33)/(-198) - ((-142)/12 - 0). What is x(h)?
7
Let t(y) be the third derivative of -y**6/120 - y**5/15 + y**4/12 + 26*y**2. Determine t(-4).
-8
Let y(r) = r**2 - 6*r + 2. Suppose 2*z - h - 13 = -z, 3*h = 2*z - 18. Let a be (-1)/(-4) + (-2)/8. Suppose a = -2*l + z*l - 5. Give y(l).
-3
Suppose -g + 5*g = -20. Let l(v) be the first derivative of -3*v**2/2 - 2*v - 20. Determine l(g).
13
Let h(o) = 3*o - 35. Let j be h(15). Let b(i) = -j - 3*i + 6 - 6 + 4*i. Give b(9).
-1
Suppose -g - 22 = -21. Let c(j) be the first derivative of -5*j**2 + 1. Determine c(g).
10
Let x(w) = -14*w**2 - 8*w + 9. Let r(m) = -14*m**2 - 7*m + 8. Let p(q) = -6*r(q) + 5*x(q). Determine p(1).
13
Let h(g) = -g**3 - g**2 + g - 2. Let l = 7 - 11. Let c = l - -11. Suppose 0 = c*k - 2*k. Determine h(k).
-2
Suppose 0 = v + 2*o + 1, -6 - 3 = -v + 3*o. Let i(j) = -3*j - 3*j + v + 2*j. Give i(3).
-9
Let g(v) = -3 - 3*v**3 - 5*v + 15*v - 7*v - v**2 + 2*v**2. Let k(w) = 10*w**3 - 4*w**2 - 8*w + 9. Let p(s) = 7*g(s) + 2*k(s). What is p(-4)?
25
Let y(t) = t**2 + 27*t + 28. Let x be y(-26). Let w(q) = 13 - 16 + 0*q**x - 5*q - q**2. Let o(k) = 2*k + 1. Let b be o(-2). Calculate w(b).
3
Let u(n) be the first derivative of -n**3 - 3*n**2/2 - 4*n - 49. Let t(m) = -m**2 - m + 3. Let y be t(-3). Determine u(y).
-22
Let b(s) = -13*s + 5. Let m(q) = -37*q + 13. Let o(w) = -11*b(w) + 4*m(w). Determine o(7).
-38
Let x(w) be the first derivative of w**2/2 + 9*w + 23. What is x(-11)?
-2
Suppose 0 = -7*m + 4*m + 102. Let g(w) = -33*w - 4 + m*w + 0. Calculate g(-6).
-10
Let c(w) = -w + 3. Let a(s) = -11*s**3 - 3*s**2 - 2*s. Let l be a(-1). Calculate c(l).
-7
Let i(j) be the third derivative of -j**5/60 + j**4/8 - 3*j**3/2 + 286*j**2. Give i(4).
-13
Suppose 2*u - 63 = -59. Suppose u*t - 8 = 2*x - 4*x, 0 = -t. Let k(r) = -r + 2. What is k(x)?
-2
Let v be -3 - -2*2/4. Let d(s) = -4*s - 2. Let q be d(v). Let a(z) be the second derivative of -z**4/12 + 7*z**3/6 + z**2/2 + 5*z - 6. Determine a(q).
7
Let i(f) = 0 - 10*f + 0 + 3 + 7*f + 0 + 10*f**2. Calculate i(2).
37
Let b(d) = 8*d - 4*d**2 - 7*d**2 - 2*d - 22 + 12*d**2 + 4. Determine b(-7).
-11
Let t(k) = -k**3 - 4*k**2 + 6*k - 2. Suppose -2*a + 1 + 28 = 5*v, -9 = 3*a - 3*v. Let i be -2 + 4 + (a - -11). Suppose -5 = -2*b - i. What is t(b)?
-7
Let y = 167 - 179. Let w(j) = j**2 + 12*j + 2. What is w(y)?
2
Suppose -v + 0*v + 2 = 0, i + 2*v = 34. Let o be (-168)/i - 2/5. Let y(x) = x**2 + 9*x + 9. Give y(o).
-9
Let p(n) be the second derivative of n**6/120 + n**3/2 - 13*n**2/2 + 4*n. Let r(z) be the first derivative of p(z). What is r(0)?
3
Let y(x) = -x - 4. Let v be y(4). Let m = -390 + 410. Let a be (1 + v/m)*5. Let g(q) = q**3 - 2*q**2 - 4*q + 1. What is g(a)?
-2
Let j(t) = t**2 - 5*t + 4. Let r(c) = -5*c**3 + 5*c**2 + 3 + c**3 - 6*c + 4*c**3 + c**3. Let a be r(-6). Suppose 1 = a*h - 8. Calculate j(h).
-2
Let f(k) be the second derivative of -2*k**3/3 - 39*k**2/2 + 59*k. Calculate f(-9).
-3
Let h = 573 + -569. Let u(c) = c**2 - 5*c - 3. Calculate u(h).
-7
Let n(l) = -l**3 + 7*l**2 + 2*l - 6. Let k be n(7). Suppose k*z + 0 - 8 = 0. Let t(w) = 3*w**3 - 2*w**2 + w. Calculate t(z).
2
